100.
96
Calculate the remainder when 611 is divided by 68.
67
What is the remainder when 6213 is divided by 55?
53
Calculate the remainder when 163 is divided by 33.
31
What is the remainder when 107 is divided by 24?
11
What is the remainder when 82 is divided by 17?
14
What is the remainder when 218 is divided by 33?
20
What is the remainder when 11113 is divided by 13?
11
What is the remainder when 1383 is divided by 6?
3
What is the remainder when 12874 is divided by 87?
85
What is the remainder when 179 is divided by 54?
17
Calculate the remainder when 1959 is divided by 139.
13
What is the remainder when 108 is divided by 40?
28
What is the remainder when 4342 is divided by 71?
11
What is the remainder when 382 is divided by 53?
11
Calculate the remainder when 21 is divided by 13.
8
Calculate the remainder when 1083 is divided by 34.
29
What is the remainder when 647 is divided by 130?
127
Calculate the remainder when 16366 is divided by 13.
12
Calculate the remainder when 1270 is divided by 7.
3
Calculate the remainder when 815 is divided by 50.
15
Calculate the remainder when 233 is divided by 117.
116
What is the remainder when 166 is divided by 155?
11
Calculate the remainder when 30238 is divided by 20.
18
Calculate the remainder when 2023 is divided by 8.
7
Calculate the remainder when 177 is divided by 26.
21
Calculate the remainder when 63 is divided by 33.
30
Calculate the remainder when 366 is divided by 23.
21
What is the remainder when 605 is divided by 61?
56
What is the remainder when 424 is divided by 43?
37
What is the remainder when 350 is divided by 27?
26
What is the remainder when 574 is divided by 39?
28
Calculate the remainder when 1268 is divided by 84.
8
Calculate the remainder when 2098 is divided by 87.
10
What is the remainder when 671 is divided by 12?
11
Calculate the remainder when 868 is divided by 79.
78
Calculate the remainder when 70 is divided by 12.
10
Calculate the remainder when 2134 is divided by 426.
4
What is the remainder when 1307 is divided by 7?
5
Calculate the remainder when 1988 is divided by 13.
12
What is the remainder when 140 is divided by 22?
8
Calculate the remainder when 28 is divided by 28.
0
What is the remainder when 387 is divided by 177?
33
What is the remainder when 58 is divided by 15?
13
What is the remainder when 461 is divided by 165?
131
What is the remainder when 287 is divided by 92?
11
What is the remainder when 6821 is divided by 4?
1
Calculate the remainder when 70 is divided by 25.
20
What is the remainder when 279 is divided by 78?
45
Calculate the remainder when 21 is divided by 11.
10
What is the remainder when 199 is divided by 49?
3
Calculate the remainder when 1291 is divided by 17.
16
What is the remainder when 320 is divided by 152?
16
What is the remainder when 3813 is divided by 53?
50
What is the remainder when 10566 is divided by 1759?
12
Calculate the remainder when 262 is divided by 154.
108
What is the remainder when 3389 is divided by 15?
14
What is the remainder when 8099 is divided by 18?
17
Calculate the remainder when 48 is divided by 32.
16
Calculate the remainder when 15262 is divided by 36.
34
What is the remainder when 894 is divided by 72?
30
Calculate the remainder when 1603 is divided by 14.
7
What is the remainder when 5943 is divided by 161?
147
Calculate the remainder when 235 is divided by 99.
37
Calculate the remainder when 435 is divided by 79.
40
What is the remainder when 92 is divided by 7?
1
Calculate the remainder when 820 is divided by 180.
100
Calculate the remainder when 141 is divided by 127.
14
Calculate the remainder when 270 is divided by 72.
54
What is the remainder when 829 is divided by 392?
45
Calculate the remainder when 38 is divided by 27.
11
Calculate the remainder when 27 is divided by 27.
0
Calculate the remainder when 162 is divided by 48.
18
What is the remainder when 245 is divided by 4?
1
Calculate the remainder when 515 is divided by 31.
19
What is the remainder when 756 is divided by 69?
66
Calculate the remainder when 1363 is divided by 340.
3
Calculate the remainder when 256 is divided by 52.
48
What is the remainder when 252 is divided by 51?
48
Calculate the remainder when 186 is divided by 54.
24
Calculate the remainder when 369 is divided by 21.
12
What is the remainder when 383 is divided by 30?
23
Calculate the remainder when 42047 is divided by 58.
55
Calculate the remainder when 2820 is divided by 936.
12
Calculate the remainder when 5296 is divided by 1057.
11
Calculate the remainder when 250 is divided by 63.
61
What is the remainder when 43 is divided by 16?
11
Calculate the remainder when 14226 is divided by 153.
150
What is the remainder when 370 is divided by 71?
15
What is the remainder when 2581 is divided by 34?
31
What is the remainder when 21410 is divided by 202?
200
What is the remainder when 102 is divided by 21?
18
Calculate the remainder when 480 is divided by 160.
0
What is the remainder when 226 is divided by 27?
10
What is the remainder when 995 is divided by 253?
236
Calculate the remainder when 214 is divided by 4.
2
What is the remainder when 197 is divided by 5?
2
What is the remainder when 61 is divided by 33?
28
Calculate the remainder when 37 is divided by 13.
11
Calculate the remainder when 3069 is divided by 83.
81
What is the remainder when 1769 is divided by 15?
14
What is the remainder when 547 is divided by 267?
13
What is the remainder when 963 is divided by 69?
66
What is the remainder when 1234 is divided by 96?
82
Calculate the remainder when 1099 is divided by 62.
45
Calculate the remainder when 5129 is divided by 8.
1
What is the remainder when 5508 is divided by 167?
164
What is the remainder when 146 is divided by 69?
8
What is the remainder when 1096 is divided by 123?
112
Calculate the remainder when 127 is divided by 49.
29
Calculate the remainder when 34288 is divided by 27.
25
Calculate the remainder when 14651 is divided by 74.
73
What is the remainder when 541 is divided by 55?
46
What is the remainder when 79 is divided by 10?
9
Calculate the remainder when 2046 is divided by 682.
0
What is the remainder when 8 is divided by 2?
0
What is the remainder when 7630 is divided by 254?
10
Calculate the remainder when 2573 is divided by 21.
11
Calculate the remainder when 1773 is divided by 25.
23
Calculate the remainder when 98 is divided by 13.
7
Calculate the remainder when 298 is divided by 138.
22
Calculate the remainder when 4161 is divided by 415.
11
What is the remainder when 92 is divided by 27?
11
Calculate the remainder when 2782 is divided by 96.
94
What is the remainder when 969 is divided by 162?
159
What is the remainder when 19 is divided by 5?
4
What is the remainder when 96 is divided by 76?
20
What is the remainder when 102 is divided by 40?
22
Calculate the remainder when 11758 is divided by 14.
12
What is the remainder when 130 is divided by 28?
18
What is the remainder when 914 is divided by 4?
2
Calculate the remainder when 333 is divided by 110.
3
Calculate the remainder when 133 is divided by 23.
18
What is the remainder when 679 is divided by 22?
19
Calculate the remainder when 51 is divided by 29.
22
Calculate the remainder when 3023 is divided by 84.
83
Calculate the remainder when 124 is divided by 11.
3
Calculate the remainder when 795 is divided by 91.
67
What is the remainder when 459 is divided by 154?
151
What is the remainder when 76 is divided by 10?
6
Calculate the remainder when 65 is divided by 15.
5
What is the remainder when 1690 is divided by 155?
140
What is the remainder when 369 is divided by 71?
14
Calculate the remainder when 114 is divided by 34.
12
What is the remainder when 112 is divided by 53?
6
Calculate the remainder when 35 is divided by 13.
9
Calculate the remainder when 964 is divided by 46.
44
What is the remainder when 34 is divided by 12?
10
What is the remainder when 1459 is divided by 369?
352
What is the remainder when 5188 is divided by 35?
8
What is the remainder when 676 is divided by 40?
36
Calculate the remainder when 369 is divided by 77.
61
Calculate the remainder when 431 is divided by 20.
11
Calculate the remainder when 396 is divided by 33.
0
What is the remainder when 3483 is divi